 9. Let k be x(8). Suppose -m - 26 = 3*v - 173, 3*v = m + k. Calculate the highest common divisor of v and 125.
25
Let s be ((-2)/(-1) + 0)/1. Suppose s*v - 6*v + 64 = 0. Let m = 174 - 170. What is the greatest common divisor of m and v?
4
Suppose 9*m = 1 + 44. Suppose 0 = 5*w - 2*h - 51 - 120, 130 = 4*w - 5*h. What is the highest common divisor of w and m?
5
Suppose -p + 5*p = 384. Suppose -9*w + p = -w. Calculate the highest common factor of w and 3.
3
Suppose 5*c + 5 = 10*c + 5*p, 2 = -5*c + 2*p. Suppose -9*y - 85 + 760 = c. What is the greatest common divisor of 100 and y?
25
Let h = -23 - -23. Suppose 2*s + 4*y + 24 = h, -2*y = 4*s - 5*y + 48. Let k(t) = t**2 + 7*t + 3. Let j be k(s). Calculate the greatest common factor of 7 and j.
7
Suppose -2*z = 2978 - 3042. Let s = 10 + -7. Suppose -f = 4*p - s*f - 58, 3*p = -4*f + 60. What is the greatest common factor of p and z?
16
Let m = -8642 + 8672. Suppose -3*w + 5*y + 210 = 0, y + 115 - 43 = w. Calculate the highest common divisor of w and m.
15
Suppose 694 = 2*l + 676. Let o(w) = 2*w**2 + 3*w - 2. Let u be o(-4). Calculate the greatest common divisor of u and l.
9
Let t be 11 - 1169/(-21) - (-2)/6. What is the highest common divisor of 1273 and t?
67
Let u be 8*-3*1/(-12). Suppose -u = 3*o - 11. Suppose 60 = o*w - 2*t + 4*t, -w + 27 = 3*t. What is the highest common factor of w and 9?
9
Let h(p) = 12*p**2 + 10*p - 20. Let k be h(-5). What is the highest common divisor of k and 46?
46
Suppose 9*r - 55 - 98 = 0. Suppose q + l = 2*l + r, l = -4*q + 43. Calculate the greatest common factor of q and 6.
6
Let u = 116 + -88. Calculate the highest common factor of u and 490.
14
Let s = 79 - 79. Suppose -2*b + s*o = 3*o - 113, -3*b - 3*o = -165. What is the highest common factor of b and 13?
13
Let r(d) = 2*d**2 - 10*d - 16. Let j be r(8). Let l be j/6 - 12/(-18). What is the highest common divisor of 42 and l?
6
Let f be (1 + 2 - 3)/(-1). Suppose -4*j + 460 = 4*r - f*j, 2*r - 4*j = 230. Calculate the greatest common factor of 23 and r.
23
Let s(m) = 11*m**2 - 10*m**2 + 7*m + m + 15. Let p be s(-9). Suppose 0 = -2*q - l + 20, -5*q + 4*l = 3*l - 64. Calculate the greatest common divisor of q and p.
12
Let q be (-12)/(2 - 134/64). What is the highest common divisor of q and 96?
32
Let f(v) = -v**2 + 8*v + 2. Let n be f(6). Let z = 98 + -80. Let x be 3/(3/(-7)*(-63)/z). What is the greatest common factor of x and n?
2
Suppose 8*m - 9*m - 21 = 0. Let k be (m/(-6))/(-7)*-10. Suppose 0*z + 110 = k*z. Calculate the highest common divisor of z and 11.
11
Suppose 0 = -12*v + 10837 - 10741. Let r be (1 + -3)/(-2) - -19. Calculate the highest common divisor of v and r.
4
Suppose 12*l + 2466 - 3078 = 0. Calculate the greatest common divisor of l and 799.
17
Let n be (2/12 - (-4369)/102) + -5. Calculate the highest common divisor of n and 589.
19
Let r = -874 + 1336. What is the greatest common factor of r and 28?
14
Suppose 111 = -5*u - 39. Let t be u*(7/2)/(-7). Let n be t/(-2)*8/(-10). What is the greatest common factor of n and 48?
6
Let p(o) = -3*o**2 + 2*o + 4. Let h be p(0). Suppose 5*x + h*m = 774, -3*x = -m - 252 - 209. What is the greatest common divisor of x and 22?
22
Suppose 3*y - 48 = -4*r + 356, -2*r = -4. Let i = -11 - -15. Suppose 0 = -i*c + 5*x + 58, -x - x = 5*c - 56. What is the highest common divisor of c and y?
12
Suppose -4*n = 3*j - 98, -n = -j + 23 - 2. What is the highest common divisor of j and 65?
13
Suppose 79 - 16 = 3*x. Suppose x = 4*s + 3*q - 19, 5*q = 0. What is the highest common factor of 50 and s?
10
Let a(d) = 3*d**3 + 2*d**2 + 11*d - 12. Let b be a(3). Calculate the greatest common divisor of 45 and b.
15
Let c = -1411 - -1457. What is the highest common factor of c and 2484?
46
Suppose 2*i + 762 = r - 2920, 2*r - 7357 = -3*i. Suppose 0 = l - 11*l + r. Calculate the highest common divisor of l and 46.
46
Suppose -z + 2 = -1. Suppose -4*w = z*t - 480, -w + 0*t + 2*t + 120 = 0. Let p = 146 - 122. Calculate the highest common divisor of p and w.
24
Suppose 595 = 18*g + 37. What is the greatest common divisor of g and 496?
31
Suppose -3*g + 3*m + 124 = m, g - 42 = m. Calculate the highest common divisor of g and 16.
8
Suppose o + 2433 = 10*b - 5*b, b + 3*o = 477. Calculate the highest common divisor of b and 72.
18
Let o = -306 + 329. Let r(c) = 13*c**2 - 2*c - 2. Let w be r(2). What is the greatest common factor of w and o?
23
Suppose 25*y - 23 = 177. Let m(x) = -x**3 + 4*x**2 - x + 2. Let c be m(3). Calculate the highest common factor of c and y.
8
Let o(y) = -y**3 + 8*y**2 + 12*y - 26. Let f be o(9). What is the greatest common divisor of f and 53?
1
Suppose 4*s = 3*l - 930, 358 = 3*l - s - 572. Calculate the highest common factor of 372 and l.
62
Let n = 307 + -196. What is the greatest common divisor of n and 3?
3
Suppose 2*b + 5*b = 42. Let y(r) = r**2 + 2*r - 6. Let m be y(b). What is the highest common divisor of m and 63?
21
Suppose -5*w + 2*y = 255, 3*y = -w + y - 63. Let a = 17 - w. Let r = 10 + 4. Calculate the greatest common factor of r and a.
14
Let a(q) = q**3 - 3*q**2 - 10*q + 7. Let x be a(5). Suppose b + 1 = x. Suppose -28 = 5*v - b*v. Calculate the highest common factor of v and 4.
4
Suppose 0 = -0*g - 5*g + 15. Let v be (160/(-12))/(-1*g/9). Calculate the greatest common divisor of v and 16.
8
Let v(i) = -i**3 - 9*i**2 - 4*i - 4. Let q be v(-10). What is the highest common factor of q and 24?
8
Suppose 5*q - 42 - 9 = 2*d, -q + 3*d = -5. What is the highest common factor of q and 29?
1
Let u(p) = 3*p - 4. Let w be u(3). Suppose -3*v - w = 3*d + 19, 3*v = 5*d. Let l be 114/3 + -1 - d. Calculate the greatest common divisor of 10 and l.
10
Let a = 28 + -25. Suppose -a*o - o = -3*g - 207, 3*o + 5*g - 119 = 0. What is the greatest common divisor of 16 and o?
16
Let c(r) = 121*r**2. Let y be c(-1). Suppose -4*k + 9 = -u, -4*u - k + 6 + 43 = 0. What is the highest common factor of y and u?
11
Let x(i) = 38*i - 272. Let g be x(7). Let b = -6 + 8. Let w be (b/g)/((-8)/360). What is the highest common divisor of w and 6?
3
Suppose -w + 5*q = 4, -q = q - 6. What is the greatest common factor of w and 649?
11
Suppose 186 + 44 = 5*v. Suppose -5*u - 3 = 4*z + 11, 5*u + v = 4*z. Let b be 44/3 + 4/u. What is the greatest common divisor of b and 98?
14
Suppose 8 = -t + 2. Let c = t - -4. Let b be ((-1)/c)/(9/72). What is the highest common divisor of 1 and b?
1
Let j(p) = p**2 - 45*p + 57. Let k be j(0). Calculate the highest common factor of 912 and k.
57
Let x = -40 - -68. Let i be 4/(-46) + 5 + (-168)/184. Calculate the greatest common factor of x and i.
4
Suppose -g + 0*b = -5*b + 90, 3*g + 200 = b. Let j = -7 - g. What is the greatest common factor of j and 145?
29
Suppose l - 4*g = -17, 0 = 2*l - 2*g + 2 + 2. Let c be 89 - -4 - (0 - l). What is the highest common divisor of 12 and c?
12
Let j(g) = 12*g**2 + g + 1. Let f be j(-1). Suppose 14 + 18 = 8*u. Suppose -13 = -u*x + 35. What is the greatest common factor of f and x?
12
Suppose 7 + 2 = 3*b. Let y(k) = 2*k**2 + 3*k - 2 + k**2 + 6*k**2 + k**b + 0*k**2. Let x be y(-6). What is the greatest common factor of 11 and x?
11
Let d = -1272 + 1368. What is the greatest common divisor of 30 and d?
6
Let p(z) = z**2 - 7*z - 18. Let n be p(-3). Calculate the highest common factor of 636 and n.
12
Let r(c) = 51*c + 35. Let k be r(3). Calculate the highest common divisor of k and 141.
47
Let m be (8/(-12))/((-2)/(-6)). Let y be (-3 - m)*(2 + -2). Suppose -2*b + 33 - 3 = y. Calculate the highest common factor of 3 and b.
3
Let u be 0/(-6) - (-3 - 2) - -13. What is the greatest common divisor of 45 and u?
9
Let c be (-4 - -8 - 6) + 5. Suppose -2*l - z + 349 = 0, 3*l + 261 = c*z + 798. Calculate the greatest common factor of 16 and l.
16
Let x(c) = -c**3 - 13*c**2 - 21*c + 2. Let y be x(-11). Let d be 1/(-2)*2/3*y. What is the highest common factor of 21 and d?
3
Suppose 0 = 14*o + 597 - 2837. Calculate the highest common divisor of o and 50.
10
Let o(v) = 8*v + 14. Let w(j) = j - 1. Let h(n) = -o(n) + 5*w(n). Let r be h(-11). Calculate the greatest common factor of 154 and r.
14
Let l = 89 + 15. Let c = l + -87. Suppose -r + 4*r - 459 = 0. Calculate the greatest common factor of r and c.
17
Suppose -14 = -2*u + p, -p = -5*u + 